 67
Let v = 376 - 80. Suppose -11*j + v = -848. List the prime factors of (-1)/(-1 + 103/j).
2, 13
Let g(d) = 0 - 1 - 44074*d**2 + 44072*d**2 - 24*d. Let h(t) = -t**2 - 5*t - 1. Let p be h(-6). List the prime factors of g(p).
3, 23
Let z = -431 + 257. Let s = -85 - z. Suppose 9*l - s - 1036 = 0. List the prime factors of l.
5
Suppose -2*p - 77036 = -9*p + 65897. What are the prime factors of p?
7, 2917
Suppose -4 = 4*i, 0 = -0*q + 2*q - 4*i - 12. Suppose -2*p - 162 - 152 = 2*h, -q*h + 4*p = 628. What are the prime factors of 15/20 + (-22)/8 - h?
5, 31
Suppose 21*v + 47011 - 175251 = 251419. List the prime factors of v.
101, 179
Let o = -54 - -42. Let p be (-1)/2 - 414/o. What are the prime factors of p - (-4)/8*4?
2, 3
Let i = -28 - -32. Let y be (-1 - -1)/(-1 + -5 + i). Suppose -6*h - 2*h + 696 = y. List the prime factors of h.
3, 29
Let o(w) = -92*w**2 + 12*w - 3. Let k(n) = -46*n**2 + 6*n - 1. Let p(s) = -9*k(s) + 4*o(s). What are the prime factors of p(-2)?
193
Let k = 128577 - 64675. List the prime factors of k.
2, 89, 359
Let i = -64454 - -108750. List the prime factors of i.
2, 7, 113
Suppose -2209579 + 4544970 = 121*a - 3510845. What are the prime factors of a?
2, 47, 257
Let o = -189 + 215. Let j = o - -67. List the prime factors of j.
3, 31
Suppose -182 = 4*v + 50. Let f be 2 - v*1/2. Suppose 5*b - 116 = -f. What are the prime factors of b?
17
Let m be (-1)/(2/(-4 + -298 + 0)). Suppose -150*b + m*b = 373. List the prime factors of b.
373
Let l(i) be the first derivative of -i**2 - 792*i + 7. Let g be l(0). What are the prime factors of g/(-10) + 2/(-10)?
79
What are the prime factors of 109571/23 - 157/(-3611)?
2, 3, 397
Let q be (-26)/10 + (-27)/(-45). Let c be (-76)/57*15/q. What are the prime factors of -2*55/c*-4?
2, 11
List the prime factors of 120/(-12 - -2) + 1443.
3, 53
Let a(d) = -68*d + 550. What are the prime factors of a(8)?
2, 3
Let d = 983 - -571. What are the prime factors of 3/(((-3)/d)/((-1)/6))?
7, 37
Let v(a) be the first derivative of 15*a**4/4 + 4*a**3/3 - 5*a**2/2 + 5*a + 49. Let f be -6*(3 - 2)/(-3). List the prime factors of v(f).
131
Let g be 7 + (0 + 15)/(-3). Suppose -q + 86 + 885 = g*i, 0 = 4*q - 2*i - 3834. List the prime factors of q.
31
Let i = -377 + 263. Let z = i - 30. Let l = z - -256. List the prime factors of l.
2, 7
Suppose -5*q - 23362 = -4*w, -15*q + 16*q - 11674 = -2*w. List the prime factors of w.
2, 3, 7, 139
Suppose -2*w = -2 - 4. Let p(j) = 22*j - 867 + 443 + 430. What are the prime factors of p(w)?
2, 3
Suppose 5*t - 716 + 4543 = l, -19227 = -5*l + 2*t. List the prime factors of l.
3847
Suppose -275380 = -4*y - 3*r, 117*y - 114*y - 3*r - 206493 = 0. What are the prime factors of y?
23, 41, 73
Suppose -56*u + 219304 = -118264. What are the prime factors of u?
2, 11, 137
Let x(w) = -w**2 + 6*w + 19. Let h be (1 + 1)*(1 + 3). Let q be x(h). Suppose -60 = -3*f - q*d, 4 = f + d + 4*d. List the prime factors of f.
2, 3
Suppose -1612 = 23*n - 10260. Suppose -2*d - 300 = -a, -64 = a + 4*d - n. List the prime factors of a.
2, 19
Let s = 1754 - 1739. Suppose 3*m - 16 = -p, 4*m + 16 = -p + 2*p. Suppose d - s = p. List the prime factors of d.
31
Let p(k) = 4*k**2 + 136*k + 831. List the prime factors of p(-6).
3, 53
Let h(f) = -122*f - 13 - 276*f - 12*f - 12*f. What are the prime factors of h(-1)?
409
Let a = 126 + -252. Let i = 42 - a. What are the prime factors of i?
2, 3, 7
Suppose 13*d = -4 + 4. Let m be (-33)/(-1) - (0 + d). Suppose 31*v + 40 = m*v. List the prime factors of v.
2, 5
Let o(q) = 10*q**2 + 8. Let n(b) = -10*b**2 + b - 7. Let v(s) = -5*n(s) - 4*o(s). What are the prime factors of v(-2)?
53
Let g be 227/((-2)/(-5) + 23/230). Let c = 694 - g. List the prime factors of c.
2, 3, 5
Suppose 0 = r - 9 - 12. Let z(o) = -11*o**2 + r*o + 5*o**2 + 5*o**2 + 7 - 42. List the prime factors of z(15).
5, 11
Suppose -4*t = a + 7, 6*t + 5 = -2*a + t. Suppose -4*c + 126 = -a*g + 321, 5*c = 0. What are the prime factors of g?
3, 13
Let t be (4 + 1 + 1)*28/12. Suppose 9*n - t*n = -1370. List the prime factors of n.
2, 137
Let f(r) = -177*r**3 + 3*r**2 - 3*r - 2. Let b(w) = w**3 + 5*w**2 - 15*w - 9. Let z be b(-7). What are the prime factors of f(z)?
2, 179
Let q = -196 - -199. Suppose -3*k + 1266 = -m, 4*m + q = -9. What are the prime factors of k?
421
Let f(a) = 3*a - 85. Let r be f(23). What are the prime factors of -10*1256/r - 5?
2, 3, 5, 13
Suppose 15*b + 8*b = -1058. Let k(i) = -11*i - 10. List the prime factors of k(b).
2, 31
List the prime factors of 10/(-2) + 284088/42.
3, 751
What are the prime factors of 1075/10*-3*-18 - 5/5?
2, 1451
Let b = -69 - -70. Let n be (-3 + 9 + -7)*(-4)/b. Suppose -n*h - 4*z = -h - 227, 133 = 2*h - z. What are the prime factors of h?
3, 23
Suppose 4*z - z = -z. Let m(n) = 19 + 0*n**2 - 2*n + 0*n**2 + 9 + n**3. What are the prime factors of m(z)?
2, 7
Suppose -3*b = -2*c + 64142, 5*c = -1368*b + 1367*b + 160304. List the prime factors of c.
2, 17, 23, 41
What are the prime factors of (-34767)/(-4) - ((-195)/60 - -3)?
2, 41, 53
Suppose 3*x = 179 - 95. Suppose 68 = -3*n + 2*q, n + 2*q - x = 2*n. What are the prime factors of (-5929)/(-28) + n/(-16)?
3, 71
Let c(w) = 1317*w - 4887. What are the prime factors of c(17)?
2, 3, 2917
Let p(t) = -t**2 - 13*t - 2. Let d be p(-13). Let y(m) = -2*m - 3. Let c be y(d). What are the prime factors of (c/(-3))/((-2)/426)?
71
Let o(j) = -j**2 - 6*j + 4. Let h be o(-6). Suppose -5*v - d = -12, -5*v - d = h*d. Suppose v*u + 327 = 6*u. List the prime factors of u.
109
Suppose -17336 = 86*m - 42*m. Let k be 2*(-1126)/(-4)*1. Let j = m + k. List the prime factors of j.
13
Suppose 3*s + 5*s - 3*s = 0. Suppose s = -l - 3*d + 288, -2*l - 3*l = -3*d - 1404. Let y = -161 + l. What are the prime factors of y?
11
Let w = 82 + -80. Suppose -5*m - w*p = -1496 + 134, 2 = 2*p. Suppose -6*k + 8*k = m. What are the prime factors of k?
2, 17
Let j(u) = -u**3 - 35*u**2 + 106*u + 37. List the prime factors of j(-42).
7933
Let v(c) = 2*c**3 - 3*c**2 + 45*c + 112. List the prime factors of v(15).
2, 47, 73
Let u(j) = j**3 + 18*j**2 + 23*j + 48. Suppose x - 59 = 4*c, 5*c = 15*x - 13*x - 73. What are the prime factors of u(c)?
2, 3, 7
Suppose 104*i - 84*i - 78461 = 73799. List the prime factors of i.
23, 331
Suppose v - 4*x - 28 = 3*v, -x = 4*v + 77. Let n be (-88 + 4)*v/(-15). Let p = n + 269. What are the prime factors of p?
157
Suppose 9 = 37*t - 34*t, 0 = z - 4*t + 1007. Let q = z + 1416. List the prime factors of q.
421
Let a(h) = 9674*h - 62. Let v be a(34). List the prime factors of -1 + 10/14 + v/322.
1021
Suppose 5*j - 9120 = -u, -5*j + 10039 + 8186 = 2*u. What are the prime factors of u?
3, 5, 607
List the prime factors of 50/(8 + (-306264)/38288).
2, 5, 2393
Suppose -8*m - 228 = -10*m. Suppose 4*s + 0*s - m = 5*x, 52 = 2*s - 5*x. Suppose -5*d = -s - 189. List the prime factors of d.
2, 11
Let b(o) = -66*o - 13. Let v be b(4). Let x be (-3 - 2)/((-1)/(-25)). Let c = x - v. What are the prime factors of c?
2, 19
Let z be 2*6 + -6 + 3. Suppose 4*n - 30 = 4*v - 154, -3*v = -4*n - 120. List the prime factors of 1/(z/(-6))*n.
2, 3
Let y(p) = p - 3. Let d be y(3). Let c(i) = 26*i + 322. Let t be c(-12). List the prime factors of (13/2 + d)*t.
5, 13
Let o = 14958 - 5536. List the prime factors of o.
2, 7, 673
Let h = 8330 + -1565. List the prime factors of h.
3, 5, 11, 41
Let w = 146899 - 95726. List the prime factors of w.
73, 701
Let t be -5 + 3 - 3 - 37. Let s = t - -695. List the prime factors of s.
653
List the prime factors of (14066 + 32/(-8))*((-12)/(-8) - 1).
79, 89
Suppose 0 = -70*q + 76*q - 24. Suppose -q*y - 5 = -17, -2125 = -2*w + 3*y. What are the prime factors of w?
11, 97
What are the prime factors of 1 + 12/(-9) + (-13622)/(-6)?
2, 5, 227
Suppose -z - 53187 = -2*x, 4*x + 5*z - 100699 = 5626. What are the prime factors of x?
2, 5, 2659
Let b(f) = f**3 - 10*f**2 + 15*f - 16. Let l be b(9). Let k = -33 + l. Suppose 0 = k*j + 4*o - 407, 0 = 4*j - 2*o - 131 - 179. List the prime factors of j.
79
Suppose 22*y = 54*y - 746432. List the prime factors of y.
2, 107, 109
Let d = -200 + 182. What are the prime factors of (d/8)/((-27)/4032)?
2, 3, 7
Let o(l) = -l + 2. Let w(c) = 2*c - 3. Let i(p) = -5*o(p) - 3*w(p). Let y be i(-4). List the prime